{"version":"1.0","provider_name":"umweltaktivisten.de","provider_url":"https:\/\/www.umweltaktivisten.de","author_name":"marita","author_url":"https:\/\/www.umweltaktivisten.de\/author\/marita\/","title":"Protestaktion vor Forschungsreaktor Garching - umweltaktivisten.de","type":"rich","width":600,"height":338,"html":"<blockquote class=\"wp-embedded-content\" data-secret=\"iJBMxWu2Dh\"><a href=\"https:\/\/www.umweltaktivisten.de\/index.php\/2025\/10\/09\/protestaktion-vor-forschungsreaktor-garching\/\">Protestaktion vor Forschungsreaktor Garching<\/a><\/blockquote><iframe sandbox=\"allow-scripts\" security=\"restricted\" src=\"https:\/\/www.umweltaktivisten.de\/index.php\/2025\/10\/09\/protestaktion-vor-forschungsreaktor-garching\/embed\/#?secret=iJBMxWu2Dh\" width=\"600\" height=\"338\" title=\"&#8222;Protestaktion vor Forschungsreaktor Garching&#8220; &#8211; umweltaktivisten.de\" data-secret=\"iJBMxWu2Dh\" frameborder=\"0\" marginwidth=\"0\" marginheight=\"0\" scrolling=\"no\" class=\"wp-embedded-content\"><\/iframe><script type=\"text\/javascript\">\n\/* <![CDATA[ *\/\n\/*! This file is auto-generated *\/\n!function(d,l){\"use strict\";l.querySelector&&d.addEventListener&&\"undefined\"!=typeof URL&&(d.wp=d.wp||{},d.wp.receiveEmbedMessage||(d.wp.receiveEmbedMessage=function(e){var t=e.data;if((t||t.secret||t.message||t.value)&&!\/[^a-zA-Z0-9]\/.test(t.secret)){for(var s,r,n,a=l.querySelectorAll('iframe[data-secret=\"'+t.secret+'\"]'),o=l.querySelectorAll('blockquote[data-secret=\"'+t.secret+'\"]'),c=new RegExp(\"^https?:$\",\"i\"),i=0;i<o.length;i++)o[i].style.display=\"none\";for(i=0;i<a.length;i++)s=a[i],e.source===s.contentWindow&&(s.removeAttribute(\"style\"),\"height\"===t.message?(1e3<(r=parseInt(t.value,10))?r=1e3:~~r<200&&(r=200),s.height=r):\"link\"===t.message&&(r=new URL(s.getAttribute(\"src\")),n=new URL(t.value),c.test(n.protocol))&&n.host===r.host&&l.activeElement===s&&(d.top.location.href=t.value))}},d.addEventListener(\"message\",d.wp.receiveEmbedMessage,!1),l.addEventListener(\"DOMContentLoaded\",function(){for(var e,t,s=l.querySelectorAll(\"iframe.wp-embedded-content\"),r=0;r<s.length;r++)(t=(e=s[r]).getAttribute(\"data-secret\"))||(t=Math.random().toString(36).substring(2,12),e.src+=\"#?secret=\"+t,e.setAttribute(\"data-secret\",t)),e.contentWindow.postMessage({message:\"ready\",secret:t},\"*\")},!1)))}(window,document);\n\/\/# sourceURL=https:\/\/www.umweltaktivisten.de\/wp-includes\/js\/wp-embed.min.js\n\/* ]]> *\/\n<\/script>\n","thumbnail_url":"https:\/\/www.umweltaktivisten.de\/wp-content\/uploads\/2025\/01\/web__4000-2250-max-203.jpg","thumbnail_width":361,"thumbnail_height":203,"description":"(Beitragsbild \u00a9 Philip Steckel) Heute (09.10.), 10.45 Uhr, Protestaktion vor Forschungsreaktor Garching Heute (09.10.) startet um 10.45 Uhr vor dem Forschungsreaktor Garching bei M\u00fcnchen eine Protestaktion mehrerer bayrischer Umweltverb\u00e4nde mit Unterst\u00fctzung der M\u00fcnsterl\u00e4nder Anti-Atomkraft-Initiativen gegen die geplanten Castor-Transporte mit hochradioaktivem Atomm\u00fcll von Garching nach Ahaus. Die bayrischen Umweltverb\u00e4nde, darunter das\u2026 weiter ..."}

(Beitragsbild © Philip Steckel) Heute (09.10.), 10.45 Uhr, Protestaktion vor Forschungsreaktor Garching Heute (09.10.) startet um 10.45 Uhr vor dem Forschungsreaktor Garching bei München eine Protestaktion mehrerer bayrischer Umweltverbände mit Unterstützung der Münsterländer Anti-Atomkraft-Initiativen gegen die geplanten Castor-Transporte mit hochradioaktivem Atommüll von Garching nach Ahaus. Die bayrischen Umweltverbände, darunter das… weiter ...
