{"version":"1.0","provider_name":"umweltaktivisten.de","provider_url":"https:\/\/www.umweltaktivisten.de","author_name":"marita","author_url":"https:\/\/www.umweltaktivisten.de\/author\/marita\/","title":"Alarm im S\u00fcndenw\u00e4ldchen - Rodung steht bevor - umweltaktivisten.de","type":"rich","width":600,"height":338,"html":"<blockquote class=\"wp-embedded-content\" data-secret=\"IdJff1TPe0\"><a href=\"https:\/\/www.umweltaktivisten.de\/index.php\/2025\/10\/09\/alarm-im-suendenwaeldchen-rodung-steht-bevor\/\">Alarm im S\u00fcndenw\u00e4ldchen &#8211; Rodung steht bevor<\/a><\/blockquote><iframe sandbox=\"allow-scripts\" security=\"restricted\" src=\"https:\/\/www.umweltaktivisten.de\/index.php\/2025\/10\/09\/alarm-im-suendenwaeldchen-rodung-steht-bevor\/embed\/#?secret=IdJff1TPe0\" width=\"600\" height=\"338\" title=\"&#8222;Alarm im S\u00fcndenw\u00e4ldchen &#8211; Rodung steht bevor&#8220; &#8211; umweltaktivisten.de\" data-secret=\"IdJff1TPe0\" frameborder=\"0\" marginwidth=\"0\" marginheight=\"0\" scrolling=\"no\" class=\"wp-embedded-content\"><\/iframe><script type=\"text\/javascript\">\n\/* <![CDATA[ *\/\n\/*! This file is auto-generated *\/\n!function(d,l){\"use strict\";l.querySelector&&d.addEventListener&&\"undefined\"!=typeof URL&&(d.wp=d.wp||{},d.wp.receiveEmbedMessage||(d.wp.receiveEmbedMessage=function(e){var t=e.data;if((t||t.secret||t.message||t.value)&&!\/[^a-zA-Z0-9]\/.test(t.secret)){for(var s,r,n,a=l.querySelectorAll('iframe[data-secret=\"'+t.secret+'\"]'),o=l.querySelectorAll('blockquote[data-secret=\"'+t.secret+'\"]'),c=new RegExp(\"^https?:$\",\"i\"),i=0;i<o.length;i++)o[i].style.display=\"none\";for(i=0;i<a.length;i++)s=a[i],e.source===s.contentWindow&&(s.removeAttribute(\"style\"),\"height\"===t.message?(1e3<(r=parseInt(t.value,10))?r=1e3:~~r<200&&(r=200),s.height=r):\"link\"===t.message&&(r=new URL(s.getAttribute(\"src\")),n=new URL(t.value),c.test(n.protocol))&&n.host===r.host&&l.activeElement===s&&(d.top.location.href=t.value))}},d.addEventListener(\"message\",d.wp.receiveEmbedMessage,!1),l.addEventListener(\"DOMContentLoaded\",function(){for(var e,t,s=l.querySelectorAll(\"iframe.wp-embedded-content\"),r=0;r<s.length;r++)(t=(e=s[r]).getAttribute(\"data-secret\"))||(t=Math.random().toString(36).substring(2,12),e.src+=\"#?secret=\"+t,e.setAttribute(\"data-secret\",t)),e.contentWindow.postMessage({message:\"ready\",secret:t},\"*\")},!1)))}(window,document);\n\/\/# sourceURL=https:\/\/www.umweltaktivisten.de\/wp-includes\/js\/wp-embed.min.js\n\/* ]]> *\/\n<\/script>\n","thumbnail_url":"https:\/\/www.umweltaktivisten.de\/wp-content\/uploads\/2018\/09\/Banner-Braunkohle_w2.jpg","thumbnail_width":300,"thumbnail_height":200,"description":"++++Rodungssaison beginnt++++Ordnungsverf\u00fcgung erlassen++++wir lassen die Waldsch\u00fctzer*innen nicht alleine++++Wald statt Kohle, Kies und Schotter++++Pressekonferenz am 6. Oktober ++++ Genau sieben Jahre nach der gro\u00dfen Demonstration mit 50 000 Menschen am Hambacher Wald steht nun auch die Rodung des S\u00fcndenw\u00e4ldchens bevor. Damals stoppte ein Gericht die Abholzung. Jetzt droht einem weiteren wertvollen\u2026 weiter ..."}

Alarm im Sündenwäldchen - Rodung steht bevor - umweltaktivisten.de

<blockquote class="wp-embedded-content" data-secret="IdJff1TPe0"><a href="https://www.umweltaktivisten.de/index.php/2025/10/09/alarm-im-suendenwaeldchen-rodung-steht-bevor/">Alarm im Sündenwäldchen &#8211; Rodung steht bevor</a></blockquote><iframe sandbox="allow-scripts" security="restricted" src="https://www.umweltaktivisten.de/index.php/2025/10/09/alarm-im-suendenwaeldchen-rodung-steht-bevor/embed/#?secret=IdJff1TPe0" width="600" height="338" title="&#8222;Alarm im Sündenwäldchen &#8211; Rodung steht bevor&#8220; &#8211; umweltaktivisten.de" data-secret="IdJff1TPe0" frameborder="0" marginwidth="0" marginheight="0" scrolling="no" class="wp-embedded-content"></iframe><script type="text/javascript">
/* <![CDATA[ */
/*! This file is auto-generated */
!function(d,l){"use strict";l.querySelector&&d.addEventListener&&"undefined"!=typeof URL&&(d.wp=d.wp||{},d.wp.receiveEmbedMessage||(d.wp.receiveEmbedMessage=function(e){var t=e.data;if((t||t.secret||t.message||t.value)&&!/[^a-zA-Z0-9]/.test(t.secret)){for(var s,r,n,a=l.querySelectorAll('iframe[data-secret="'+t.secret+'"]'),o=l.querySelectorAll('blockquote[data-secret="'+t.secret+'"]'),c=new RegExp("^https?:$","i"),i=0;i<o.length;i++)o[i].style.display="none";for(i=0;i<a.length;i++)s=a[i],e.source===s.contentWindow&&(s.removeAttribute("style"),"height"===t.message?(1e3<(r=parseInt(t.value,10))?r=1e3:~~r<200&&(r=200),s.height=r):"link"===t.message&&(r=new URL(s.getAttribute("src")),n=new URL(t.value),c.test(n.protocol))&&n.host===r.host&&l.activeElement===s&&(d.top.location.href=t.value))}},d.addEventListener("message",d.wp.receiveEmbedMessage,!1),l.addEventListener("DOMContentLoaded",function(){for(var e,t,s=l.querySelectorAll("iframe.wp-embedded-content"),r=0;r<s.length;r++)(t=(e=s[r]).getAttribute("data-secret"))||(t=Math.random().toString(36).substring(2,12),e.src+="#?secret="+t,e.setAttribute("data-secret",t)),e.contentWindow.postMessage({message:"ready",secret:t},"*")},!1)))}(window,document);
//# sourceURL=https://www.umweltaktivisten.de/wp-includes/js/wp-embed.min.js
/* ]]> */
</script>

++++Rodungssaison beginnt++++Ordnungsverfügung erlassen++++wir lassen die Waldschützer*innen nicht alleine++++Wald statt Kohle, Kies und Schotter++++Pressekonferenz am 6. Oktober ++++ Genau sieben Jahre nach der großen Demonstration mit 50 000 Menschen am Hambacher Wald steht nun auch die Rodung des Sündenwäldchens bevor. Damals stoppte ein Gericht die Abholzung. Jetzt droht einem weiteren wertvollen… weiter ...
